 2*c + 65 = 0, 6*k - 3*k + 58 = -5*c. Let g = k - -29. What is the tens digit of g?
1
Suppose -16 = -4*z - 3*n, z + 0*z - 5*n = -19. Let q = -2 - z. Let m = q + 5. What is the units digit of m?
2
Let i(n) = n**3 + 9*n**2 + 4*n + 7. Let t be i(-8). Let r = 27 - t. What is the units digit of (1/(-3))/(1/r)?
4
What is the units digit of (-12)/(-4 - (-5)/2)?
8
Let n be 2 - -3 - (1 + -1). Suppose -3*w - 1 = -s + n*s, 2*s + 8 = -4*w. What is the units digit of -2 + ((-6)/(-2) - w)?
4
Suppose 4*b - c - 321 = 0, 10 = -b + 5*c + 95. Let j = b + -42. What is the tens digit of j?
3
Let v be (-2)/(-8) - (-1)/(-4). Suppose v = -4*j + 20, 4*j - 24 = -4*y + 3*y. Suppose 5*w + 5*l - 35 = 0, -l - 10 = -y*w + 13. What is the units digit of w?
6
Let z(u) = -u**2 - 9*u + 2. What is the units digit of z(-7)?
6
Let p(q) be the first derivative of -3*q**2/2 - q + 1. Suppose -2*j - 1 = -j. What is the units digit of p(j)?
2
Let b(l) = 13*l**2 - 5*l - 1. Let x(k) = 3*k**2 - k. Let z(a) = -2*b(a) + 9*x(a). What is the units digit of z(-3)?
8
Let i(f) = 3*f**2 - f - 1. Let h be i(-1). Suppose -4*d - 5*r + 100 = 0, -3*d - 2*r = -8*d + 158. Suppose w - h*w = -d. What is the units digit of w?
5
Let g = 19 + -17. What is the tens digit of 55/g + 9/(-18)?
2
Let b be -2*(-2)/(-4) - -1. Suppose -4*c + 8 + 0 = b. What is the units digit of c?
2
What is the units digit of 17 + 0 + (-6)/(-6)?
8
Suppose 2*a - 13 = -2*a + h, -4*h = a + 18. Let b be -18 - 5/(5/a). Let d = 28 + b. What is the units digit of d?
8
Let f = -195 + 277. What is the tens digit of f?
8
Suppose 0 = -3*r - t + 214, 2*r + 3*t + 128 = 4*r. What is the units digit of r?
0
Suppose 4*n + 2*w = -44, -34 = 4*n + 3*w - 6*w. Let v = -7 - n. Suppose v*f - 22 = -1. What is the units digit of f?
7
Suppose -2*c + 5*t + 2 + 0 = 0, -4 = -4*c + 2*t. Suppose -3*h = 2*s - c, -4*s - 3*h - 4 = -21. What is the units digit of s?
8
Let u = 16 + -11. Suppose 5*r = 3*h + 20, 10*r = 5*r - u*h + 60. Let j = 15 - r. What is the units digit of j?
8
Let v = -3 - -7. Suppose -4*x - 5 + 0 = -o, -4*o + 40 = v*x. What is the units digit of o?
9
Let f = -1 - -51. What is the tens digit of f?
5
Suppose 0*m - 16 = 4*m. Let z = m + 6. Suppose -9 = -z*o + 11. What is the units digit of o?
0
Suppose -7*l + 270 + 24 = 0. What is the tens digit of l?
4
Suppose -57 = -p - 2*p. What is the tens digit of p?
1
Let w(q) = q**2 - 9*q - 8. Let v be w(10). Suppose 2 = v*t, 5*t + 20 = 2*a - 9. What is the tens digit of a?
1
Let k(q) be the second derivative of -q**4/12 + 2*q**3/3 + 5*q**2/2 + 3*q. Let i be k(4). What is the units digit of (-2)/(-5) - (-3)/i?
1
Let r(u) = 157*u - 3. What is the units digit of r(1)?
4
Suppose -2*j + 3*o + 27 + 44 = 0, -5*o = 4*j - 175. What is the tens digit of j?
4
Let s be 358/9 - (-6)/27. Let a = s - 18. What is the units digit of a?
2
Let j be 3/5 - 66/(-15). Suppose 4 = -j*n + 14. Let c(v) = 2*v**2 + v. What is the units digit of c(n)?
0
Let j(t) = 2*t - 9. Let q = -11 - -17. Let h be j(q). Suppose r - 15 + h = 0. What is the units digit of r?
2
Let a be 0 + (-1 - -7) + -1. Let o = a + -4. What is the units digit of o?
1
Suppose r + 5*d = 3*r + 21, -r - 3*d + 17 = 0. What is the units digit of -2*(2 + -5 + r)?
2
Let p(i) = -5*i - 3. Let w be p(-2). Suppose -w*h + 4 = -3*h. What is the units digit of h?
1
Let s(q) = -4*q**3 + q**2 + q - 2. Let u be s(-2). Let h = u - 0. What is the units digit of h?
2
Suppose 0 = -4*b - b - 140. What is the units digit of (-212)/b - (-3)/7?
8
Suppose 5*n - 512 = n. What is the tens digit of n?
2
Let o(u) be the first derivative of u**2/2 + 3. Let g be o(3). Let k(w) = w**2 - 3. What is the units digit of k(g)?
6
Suppose 6 - 2 = 4*z - 2*y, y = -3*z - 7. Let k = 20 - z. What is the units digit of k?
1
Let l be 2/(-11) + (-138)/(-33). Let h(t) = 8*t + 3. What is the units digit of h(l)?
5
Let g be 196/(-10) + 4/(-10). Suppose -w = 39 - 5. Let r = g - w. What is the tens digit of r?
1
Let m(j) = 5*j**2 - 2*j - 1. Let o be m(-1). Let k be 3 - (o - (-3 - -6)). Suppose k = -2*f + 5 + 3. What is the units digit of f?
4
Suppose -6*l + 3*l = 0. Let o = -20 + 36. Suppose 4*k + l*k = o. What is the units digit of k?
4
Let d = 29 - 9. Suppose -4*i = i - d. What is the units digit of i?
4
Let y = -95 + 312. What is the hundreds digit of y?
2
Let l = -4 + 34. What is the tens digit of l?
3
What is the units digit of (-3)/(-4) + 15/20*75?
7
Suppose 4*l - 2*c + 43 = 143, 0 = 4*c + 8. Suppose 4*x - l = 56. What is the tens digit of x?
2
Let v = -2 - -3. Let t = 4 + v. Suppose 0 = 5*d - 10, -2*u + 7*u = -t*d + 55. What is the units digit of u?
9
Let r(t) = -t**2 - t - 3. Let k be r(10). What is the units digit of 11/(-33)*(-1 + k)?
8
Let g = -68 - -117. Suppose -3*k = -4*q - 12, -3*q + g = 5*k - 0*q. What is the units digit of k?
8
Let c be (4/10)/(4/(-20)). Let d(t) = -3*t - 1. Let o be d(c). What is the units digit of ((-3)/(-3) - 1) + o?
5
Let g = -7 - -8. Let p be (0 - -1)/(g/2). What is the units digit of (p/(-5))/((-1)/20)?
8
Suppose 3*z = 15, -3*z = 3*u + 4 + 20. Let g = u + 20. What is the units digit of g?
7
Suppose -5*h + 587 = 4*p, -4*p + 2*p - 3*h + 291 = 0. What is the hundreds digit of p?
1
Suppose -2*f = -4*r + 3*f + 912, 5*r = -f + 1140. What is the hundreds digit of r?
2
Let x = -30 - -93. What is the units digit of x?
3
Suppose -j + 10 = 37. Let p = 6 - j. What is the units digit of p?
3
What is the tens digit of 4285/75 - (-2)/(-15)?
5
Let h(t) = -t**2 + 12. What is the units digit of h(0)?
2
Suppose -353 = -y - 103. What is the hundreds digit of y?
2
Let g = 35 + -14. What is the tens digit of g?
2
Let k = 2 + -2. Suppose -4*s + 280 = -k*s. Suppose -2*n = 3*n - s. What is the units digit of n?
4
Suppose 7*t + 106 = -41. Let j = t - -29. What is the units digit of j?
8
Let u = 80 + -29. What is the units digit of u?
1
Let t be 6/27 + 358/9. Suppose -2*x + t = -6. What is the tens digit of x?
2
Let j be (5 - 7)*(-2 + 1). Suppose 0*u + j*v = -3*u + 248, v + 2 = 0. Suppose -k - 4 = 5*y, 5*k - 41 - u = 4*y. What is the units digit of k?
1
Let n(o) = o + 7. Let y(k) = k**3 - 4*k**2 + 4. Let w be y(3). What is the units digit of n(w)?
2
What is the units digit of 66 + (-3)/4*-4?
9
Suppose 0 = -9*h + 6*h + 249. What is the tens digit of h?
8
What is the tens digit of (-1)/(93/(-30) + 3)?
1
Suppose -s + 73 = 2*s - 5*k, 2*s - 56 = -4*k. Let x = s + -2. What is the units digit of x?
4
Suppose 3*m = 16 - 4. Suppose -5*v = -m*l - 48, 5*v = l + 4*l + 50. What is the units digit of v?
8
Let y(p) = p**3 + 7*p**2 - 8*p + 10. Let x be y(-8). Suppose -16 = -5*u + 3*v - 6*v, u = -4*v + x. Suppose -u*n = n - 9. What is the units digit of n?
3
Let i(m) be the third derivative of m**5/60 - m**4/3 + 5*m**3/6 + m**2. Let c be i(5). Let p = 15 + c. What is the units digit of p?
5
Let l(f) = f + 14. Let c be l(-8). Suppose -3*d = -c - 12. Suppose d = -5*z + 76. What is the tens digit of z?
1
Let i = -52 - -81. What is the tens digit of i?
2
Let d = 90 - 14. What is the units digit of d?
6
Let w(b) = -b**3 + 2*b**2 + 3*b + 1. Let g be w(3). Let c be g/1*0 + 1. Let l(o) = 10*o - 1. What is the units digit of l(c)?
9
Suppose 8*t - 5 = 3*t - o, -5*t + 5 = 3*o. Let x = 6 - t. What is the units digit of x?
5
Let r(k) = k**3 + 16. Let d(v) = v**3 + 5*v**2 + 4*v. Let t be d(-4). What is the units digit of r(t)?
6
Let k = -2 - -27. What is the units digit of k?
5
Let h = -1 + 2. What is the units digit of (-6 - -5)/(h/(-6))?
6
Suppose 2*r + 40 = -2*r. Let n = r + 17. Suppose 5*o - 3*j = 12, 2*o - 2*j - n = -3*j. What is the units digit of o?
3
Suppose 3*h + 5*q = 21, 0 = -0*h - 5*h + 3*q + 69. What is the tens digit of h?
1
Let h = -128 + 258. What is the units digit of h?
0
Suppose -q - 4 = -2*q. Suppose 35 = 9*a - q*a. What is the units digit of a?
7
Suppose 5*l + 14 + 46 = 0. Let h = l - -26. What is the units digit of h?
4
Suppose l - 92 = -3*l. Suppose 5 = -s + l. What is the tens digit of s?
1
Let z(u) = 69*u**2 - 2*u - 1. Let p be z(-1). Let h = p + -47. What is the units digit of h?
3
Suppose -r - y - 6 = 0, 5*r + 13 = -2*y - 14. What is the units digit of r*(18/(-5))/3?
6
Suppose 5*b + 1 = 21. Suppose -6*g + b*g = -2. What is the units digit of g?
1
Let r(p) = 3*p**2 + 5*p - 6. What is the tens digit of r(4)?
